mon divisor of 32 and w?
16
Let f be (-315)/(-12) - (-1)/(0 - 4). Let u = f + -23. Calculate the greatest common factor of u and 6.
3
Suppose -2*c = 2*c - 392. Let z(v) = 10*v**2 - 289*v - 15. Let g be z(29). What is the greatest common divisor of g and c?
14
Let g = 7 - -15. Let m = 41 + -37. Suppose -m*r - 66 = -7*r. Calculate the highest common divisor of r and g.
22
Let g = -7 - -21. Suppose g = 5*n - 6. Let x be (12/(-21))/(n/(-14)). What is the highest common divisor of 8 and x?
2
Let g be 12/((-10)/(-232 - -2)). Calculate the greatest common factor of 6 and g.
6
Suppose 2*k + 1 - 5 = 0. Suppose -8*m - 3*j = -4*m + 6, -2*m - j = k. Suppose 0*w - 5*w + 390 = m. What is the greatest common divisor of w and 26?
26
Let k(w) = -80 + w**2 + w**2 + w + 68. Let t be k(6). What is the greatest common factor of t and 165?
33
Suppose 0*j + 4*j - 5*s - 638 = 0, s = -j + 164. Let r be (-27)/(1/8*-12). Calculate the greatest common factor of r and j.
18
Suppose -t - 39 = -38. Let p be (-69)/(-9)*3 - t. Calculate the highest common factor of 6 and p.
6
Let x(a) = -a**2 - 9*a + 1. Let k be x(-9). Suppose -3*b = b - 12. Let h be 6 - (b - k)*-1. What is the highest common factor of 12 and h?
4
Let r be (243/54)/(3/44). Suppose 4*l - r = -n, -5*n + 204 = -3*l - 34. What is the greatest common divisor of 20 and n?
10
Let d be 0 - (-4 + 6 + -250). Suppose 8 = 5*j - 17. Suppose -d = -j*o - 3*s - s, -3*s - 186 = -4*o. Calculate the highest common factor of 72 and o.
24
Let b be (4/(-6))/((-2)/9). Suppose 5 = m - b*i - 0, i = 4*m - 20. Suppose -46 = -m*u - 2*c, 0*c + 6 = 2*c. Calculate the highest common divisor of 8 and u.
8
Suppose 14 = 3*q - 4. Suppose -o + 242 - 239 = 0. Calculate the highest common factor of o and q.
3
Let g(t) = 246*t - 7341. Let f be g(30). Suppose 0 = s - 2*s + 8. Suppose 0 = y + u - s, 0*y - 3*y + 34 = u. What is the highest common factor of f and y?
13
Let m(n) = 2*n**2 + 14*n + 10. Let h(b) = -b**2 - b - 3. Let r be h(-3). Let l be m(r). Calculate the highest common divisor of l and 230.
46
Suppose -5*x = 3*p - 64, x - p = 6*x - 68. Let o = -2 - -4. Suppose 3*r - 350 = -o*r. What is the highest common factor of r and x?
14
Let v(n) = -2*n**2 - 7*n + 8. Let k(m) = -2*m**2 - 6*m + 7. Let r(t) = -5*k(t) + 4*v(t). Let g be r(-4). What is the highest common factor of g and 147?
21
Let d be 20/70 - (-52)/14. Let t = -47 + 91. What is the greatest common factor of t and d?
4
Let w(z) = -z**3 + 10*z**2 + 58*z + 16. Let g be w(11). Calculate the highest common divisor of g and 13.
13
Suppose -2*k + 44 + 64 = 0. Let n(u) = -8*u - 7. Let i be n(-11). Calculate the greatest common factor of i and k.
27
Let t = 30 + -9. Let h(p) = 3*p**2 + 9*p + 6. Suppose 0 = 3*r - 2*r + 9. Let b be h(r). Calculate the greatest common divisor of b and t.
21
Let c be (10 + 0)/(1/8). Let r(j) = -j**2 - 18*j + 98. Let y be r(-22). Calculate the greatest common factor of c and y.
10
Suppose 0 = 6*k - k - 20. Suppose 2*o = k*g - 3*o - 48, 5*g = 2*o + 77. Calculate the highest common factor of 119 and g.
17
Suppose 0 = -l - 0*l + 63. Suppose 5*m - 2*w - l = 0, m - 2*m - 3*w = 1. Calculate the highest common factor of m and 121.
11
Let p = -237 + 432. Calculate the greatest common divisor of 52 and p.
13
Let j be 1 - (-1)/(-3) - 50/(-6). Suppose 2*w + 45 = 5*z, -z - w + j = w. Calculate the highest common divisor of z and 1.
1
Let t = 730 - 681. What is the greatest common divisor of t and 28?
7
Let z(b) = b**2 - 32*b + 141. Let a be z(5). Suppose -69 = -2*h - 4*n - 5, 4*n + 8 = h. What is the highest common factor of a and h?
6
Let y(r) be the first derivative of 1/3*r**3 + 0*r - 8*r**2 + 2. Let l be y(17). Calculate the greatest common divisor of 119 and l.
17
Let z(w) = 15*w**2 - 3*w + 2. Let p be z(2). Let o = 58 - 44. What is the greatest common divisor of o and p?
14
Let h(w) be the second derivative of -7*w**3/6 - 11*w**2/2 - 2*w. Let v be h(-8). Calculate the highest common factor of v and 180.
45
Suppose 7*g + 22 = 85. Let z(u) = 6*u + 22. Let w be z(g). What is the greatest common factor of w and 190?
38
Let h be (-13)/((-104)/4488)*2/6. Suppose 2*i = 4*o - 66, i + 49 = 3*o - i. Calculate the greatest common factor of h and o.
17
Let n(y) = 8*y**2 + 236*y - 45. Let f be n(-30). Suppose -25 = -0*c - c. Calculate the greatest common divisor of f and c.
25
Let k(i) = 11*i**2 - 3*i + 5. Let o be k(2). Let c = o + 2. What is the highest common divisor of c and 9?
9
Let i be 16 - (2 + 0 - 2). Suppose 2*s + 5*j - 37 = 0, 4*j - 7 = -2*s + 33. Suppose w - 74 + s = 0. Calculate the highest common factor of i and w.
16
Let v = 329 - 149. Suppose -2*d + 0*d = 4*i - 104, 0 = -5*i - 25. Suppose -2*a - 65 = -3*w - 7*a, 3*w + 2*a = d. What is the greatest common factor of w and v?
20
Suppose d - 283 = -2*z, -5*z - 5*d + 354 = -341. What is the greatest common divisor of z and 108?
36
Let m = 486 + -472. What is the greatest common divisor of 112 and m?
14
Suppose -6*c + 65 = -25. Suppose 5*h + 3*r - 28 = 0, 4*h - r - 4*r - c = 0. What is the greatest common factor of h and 2?
1
Suppose -816 = -36*y + 33*y. What is the greatest common factor of y and 170?
34
Let d(h) = -h**2 - 16*h - 41. Let x be d(-4). Calculate the highest common divisor of x and 56.
7
Suppose -6*t = 27*t - 1584. Calculate the greatest common factor of 552 and t.
24
Suppose j - 3 = 20. Let w(d) = 254*d**2 - 2*d + 1. Let y be ((-8)/(-24))/((-2)/(-6)). Let v be w(y). What is the greatest common factor of j and v?
23
Let b = 531 + -291. Let v = 69 - 118. Let c = -19 - v. Calculate the greatest common divisor of b and c.
30
Let d(b) = 19*b - 3. Let r be d(7). Suppose 4*p = z - 46, 20*z + 3*p = 16*z + 89. Calculate the highest common divisor of z and r.
26
Let q be ((-1)/2)/(5/(-80)). Let a be 18/q + 9/12. Calculate the greatest common factor of a and 1.
1
Let q be (21/(-12))/((-2)/56). Calculate the highest common factor of q and 539.
49
Let z be 11 + -1*(3 + -1). Let o = 19 + -17. Suppose -i - 5*l = -58 + 20, o*i + l = 121. Calculate the highest common divisor of i and z.
9
Let r(i) be the first derivative of 38/3*i**3 + 2 + i - 1/2*i**2. Let m be r(1). What is the highest common factor of 95 and m?
19
Suppose -2*y - y = -4*b - 18, -5*y + 22 = -4*b. Suppose -y*u - 2*l + 12 = 0, 3*u - 42 = 4*l - 10. What is the highest common divisor of 8 and u?
8
Suppose 0 = -7*t + 54 + 226. Calculate the highest common divisor of t and 200.
40
Suppose 0 = -5*d + 10, -5*d - 21 = -3*o + 8. Suppose h - 2*m - o = 12, -44 = -2*h + 2*m. Calculate the greatest common divisor of 133 and h.
19
Suppose 157 - 17 = 7*d. What is the highest common factor of 8 and d?
4
Let n = 30 + -43. Let j = n - -184. Let i be (-1)/(-3) + (-112)/(-6). What is the highest common divisor of j and i?
19
Let c be (-220)/(-8) + (-48)/32. Calculate the greatest common factor of 1170 and c.
26
Let f be ((-33)/(-9))/((-2)/(-162)). Suppose -18*p + 629 = 143. What is the highest common factor of p and f?
27
Suppose v = -2*t, -3*v + 4*t = -4*v - 4. Let z be (-1 + (-22)/(-8))*v. Let l = -77 - -126. What is the greatest common factor of z and l?
7
Let h(d) = -16*d**3 - 2*d**2 - 11. Let q be h(-3). What is the highest common factor of 13 and q?
13
Suppose 3*p = 2889 + 1734. Calculate the greatest common factor of 134 and p.
67
Suppose -8*s = -16 + 568. Let p = 137 + s. Let g = p + -26. What is the greatest common divisor of g and 28?
14
Suppose 3*r - 4*r = -3*g + 58, 3*r + 3*g = -150. Let i = r - -178. Calculate the greatest common factor of 14 and i.
14
Suppose -5*b - 28 = -2*g, g - 20 = -g + b. Let n(z) = 2*z + 42. Suppose 4*p - 6*p = -30. Let r be n(p). Calculate the greatest common factor of g and r.
9
Suppose -3*t = 5*z - 51, 0 = -0*t + 5*t + 4*z - 98. Calculate the highest common divisor of t and 352.
22
Let f be 3879/6 + 315/70. Calculate the highest common divisor of 168 and f.
21
Let q = -111 - -944. What is the greatest common factor of 34 and q?
17
Let j = -142 + 159. Calculate the greatest common divisor of 425 and j.
17
Let z = 434 - 145. Calculate the greatest common divisor of z and 17.
17
Suppose -18 = -4*i + 3*z, 3*i + z = -3 + 10. Suppose 4*s = -a + 18, 7*a = 5*a - i*s + 21. Calculate the greatest common factor of a and 12.
6
Let q = -44 + 78. 